983?
2
What is the hundreds digit of 735?
7
What is the thousands digit of 2697?
2
What is the tens digit of 404?
0
What is the tens digit of 30590?
9
What is the hundreds digit of 721?
7
What is the hundreds digit of 34360?
3
What is the hundreds digit of 9004?
0
What is the units digit of 616?
6
What is the thousands digit of 15447?
5
What is the units digit of 3180?
0
What is the hundreds digit of 15574?
5
What is the units digit of 7330?
0
What is the tens digit of 466?
6
What is the tens digit of 14801?
0
What is the units digit of 713?
3
What is the units digit of 4695?
5
What is the hundred thousands digit of 102055?
1
What is the units digit of 3056?
6
What is the tens digit of 2121?
2
What is the tens digit of 110213?
1
What is the units digit of 124368?
8
What is the units digit of 3954?
4
What is the units digit of 19504?
4
What is the tens digit of 5657?
5
What is the ten thousands digit of 16823?
1
What is the thousands digit of 59196?
9
What is the hundreds digit of 4995?
9
What is the units digit of 17906?
6
What is the tens digit of 132717?
1
What is the units digit of 307?
7
What is the thousands digit of 8384?
8
What is the ten thousands digit of 23265?
2
What is the tens digit of 4231?
3
What is the tens digit of 1461?
6
What is the hundreds digit of 59230?
2
What is the hundreds digit of 1065?
0
What is the hundreds digit of 911?
9
What is the ten thousands digit of 25121?
2
What is the units digit of 4102?
2
What is the ten thousands digit of 39154?
3
What is the hundreds digit of 198?
1
What is the tens digit of 116847?
4
What is the hundreds digit of 17245?
2
What is the hundreds digit of 1290?
2
What is the tens digit of 31486?
8
What is the units digit of 6440?
0
What is the units digit of 43214?
4
What is the hundreds digit of 12186?
1
What is the units digit of 8132?
2
What is the units digit of 7470?
0
What is the units digit of 12443?
3
What is the units digit of 1860?
0
What is the units digit of 490?
0
What is the tens digit of 724?
2
What is the units digit of 1800?
0
What is the hundreds digit of 1064?
0
What is the tens digit of 6525?
2
What is the tens digit of 6956?
5
What is the tens digit of 1376?
7
What is the units digit of 48322?
2
What is the tens digit of 31708?
0
What is the units digit of 5690?
0
What is the tens digit of 18614?
1
What is the tens digit of 17928?
2
What is the thousands digit of 4547?
4
What is the hundreds digit of 633?
6
What is the hundreds digit of 6204?
2
What is the hundreds digit of 4596?
5
What is the units digit of 1750?
0
What is the thousands digit of 8753?
8
What is the hundreds digit of 6173?
1
What is the hundreds digit of 4345?
3
What is the units digit of 326?
6
What is the units digit of 32766?
6
What is the units digit of 852?
2
What is the tens digit of 3124?
2
What is the thousands digit of 2289?
2
What is the thousands digit of 103597?
3
What is the units digit of 10786?
6
What is the tens digit of 841?
4
What is the hundreds digit of 26797?
7
What is the hundreds digit of 924?
9
What is the thousands digit of 1382?
1
What is the thousands digit of 11991?
1
What is the tens digit of 34330?
3
What is the units digit of 23139?
9
What is the units digit of 1471?
1
What is the units digit of 1524?
4
What is the thousands digit of 1611?
1
What is the thousands digit of 4285?
4
What is the units digit of 636?
6
What is the tens digit of 1456?
5
What is the units digit of 749?
9
What is the tens digit of 6092?
9
What is the hundreds digit of 1352?
3
What is the tens digit of 2372?
7
What is the tens digit of 3500?
0
What is the hundreds digit of 375?
3
What is the thousands digit of 12203?
2
What is the units digit of 536?
6
What is the hundreds digit of 1053?
0
What is the hundreds digit of 22230?
2
What is the units digit of 1373?
3
What is the hundreds digit of 8417?
4
What is the thousands digit of 3106?
3
What is the units digit of 70?
0
What is the tens digit of 2777?
7
What is the tens digit of 752?
5
What is the tens digit of 6088?
8
What is the hundreds digit of 1233?
2
What is the hundreds digit of 14408?
4
What is the units digit of 1165?
5
What is the ten thousands digit of 24615?
2
What is the tens digit of 14239?
3
What is the units digit of 5117?
7
What is the units digit of 3459?
9
What is the units digit of 402?
2
What is the thousands digit of 2571?
2
What is the thousands digit of 5496?
5
What is the hundreds digit of 55111?
1
What is the hundreds digit of 20670?
6
What is the hundreds digit of 8993?
9
What is the tens digit of 887?
8
What is the units digit of 4823?
3
What is the units digit of 71692?
2
What is the units digit of 1557?
7
What is the units digit of 4045?
5
What is the hundreds digit of 1521?
5
What is the thousands digit of 98600?
8
What is the ten thousands digit of 159379?
5
What is the thousands digit of 3763?
3
What is the tens digit of 20935?
3
What is the tens digit of 691?
9
What is the units digit of 680?
0
What is the units digit of 573?
3
What is the hundreds digit of 931?
9
What is the tens digit of 2025?
2
What is the thousands digit of 3023?
3
What is the tens digit of 2932?
3
What is the hundreds digit of 982?
9
What is the ten thousands digit of 80886?
8
What is the units digit of 859?
9
What is the units digit of 19290?
0
What is the tens digit of 701?
0
What is the units digit of 1338?
8
What is the hundreds digit of 740?
7
What is the thousands digit of 69453?
9
What is the units digit of 4529?
9
What is the thousands digit of 13105?
3
What is the hundreds digit of 133496?
4
What is the tens digit of 3882?
8
What is the thousands digit of 15262?
5
What is the tens digit of 34272?
7
What is the tens digit of 1084?
8
What is the tens digit of 1675?
7
What is the thousands digit of 17750?
7
What is the thousands digit of 82995?
2
What is the tens digit of 895?
9
What is the tens digit of 736?
3
What is the units digit of 14?
4
What is the hundreds digit of 1796?
7
What is the ten thousands digit of 154090?
5
What is the tens digit of 7806?
0
What is the hundreds digit of 9516?
5
What is the units digit of 8?
8
What is the thousands digit of 1370?
1
What is the hundreds digit of 1639?
6
What is the thousands digit of 45052?
5
What is the units digit of 4866?
6
What is the tens digit of 42478?
7
What is the tens digit of 9657?
5
What is the units digit of 1028?
8
What is the units digit of 41518?
8
What is the thousands digit of 4486?
4
What is the units digit of 598?
8
What is the hundreds digit of 2308?
3
What is the units digit of 493?
3
What is the units digit of 575?
5
What is the tens digit of 78767?
6
What is the thousands digit of 34942?
4
What is the thousands digit of 4257?
4
What is the units digit of 1044?
4
What is the thousands digit of 53809?
3
What is the hundreds digit of 19396?
3
What is the thousands digit of 45367?
5
What is the thousands digit of 5191?
5
What is the hundreds digit of 100236?
2
What is the thousands digit of 4462?
4
What is the units digit of 1410?
0
What is the tens digit of 33?
3
What is the thousands digit of 77447?
7
What is the hundreds digit of 77102?
1
What is the thousands digit of 110157?
0
What is the hundred thousands digit of 151667?
1
What is the units digit of 1080?
0
What is the hundreds digit of 2117?
1
What is the hundreds digit of 8735?
7
What is the tens digit of 250?
5
What is the hundreds digit of 66014?
0
What is the thousands digit of 117031?
7
What is the hundreds digit of 3639?
6
What is the tens digit of 585?
8
What is the hundreds digit of 2631?
6
What is the thousands digit of 1514?
1
What is the tens digit of 6321?
2
What is the tens digit of 14436?
3
What is the ten thousands digit of 77777?
7
What is the tens digit of 7173?
7
What is the hundreds digit of 79118?
1
What is the thousands digit of 26001?
6
What is the units digit of 11773?
3
What is the tens digit of 3642?
4
What is the tens digit of 1591?
9
What is the hundreds digit of 1856?
8
What is the thousands digit of 82486?
2
What is the thousands digit of 1579?
1
What is the hundreds digit of 3186?
1
What is the tens digit of 69970?
7
What is the thousands digit of 2400?
2
What is the ten thousands digit of 10814?
1
What is the units digit of 67717?
7
What is the units digit of 988?
8
What is